001011010001010100000?
1001001011010001010101011
In base 2, what is -1111111110000110111 + 111?
-1111111110000110000
In base 13, what is -16862c - 12?
-168641
In base 12, what is 2 - 16719929?
-16719927
In base 7, what is 13653551 + 346?
13654230
In base 12, what is 1100 + 568?
1668
In base 9, what is -58554 - 550?
-60214
In base 2, what is -11000 + -110011101000111010010?
-110011101000111101010
In base 11, what is 11615 + 3029?
14643
In base 13, what is -4534 + a5?
-445c
In base 14, what is -6a + -95d?
-9c9
In base 16, what is d33b + -18?
d323
In base 8, what is 7 + 231755?
231764
In base 6, what is 12141132151 - 2?
12141132145
In base 16, what is 4f2 - -1c?
50e
In base 4, what is 1113111102210 + 0?
1113111102210
In base 16, what is -1198cd66 + 4?
-1198cd62
In base 11, what is 144 - -3590?
3724
In base 10, what is -3551653 + -1?
-3551654
In base 11, what is -6 + 907a?
9074
In base 9, what is -315 + -161704?
-162120
In base 3, what is -1012022212 - -110102222?
-201212220
In base 15, what is -815 + -b8?
-8cd
In base 10, what is 2749 - -4675?
7424
In base 15, what is 181a55ad + 1?
181a55ae
In base 2, what is 10 - -101111010101110001101010?
101111010101110001101100
In base 16, what is -a007f + -a?
-a0089
In base 12, what is -4 - 1ab05897?
-1ab0589b
In base 9, what is 765 + 60204?
61070
In base 15, what is 7d061c - 2?
7d061a
In base 2, what is -1 + 1111111000001110001111?
1111111000001110001110
In base 12, what is -75 - 40904?
-40979
In base 10, what is 1 - -85947313?
85947314
In base 16, what is -b0c2c9 + -4?
-b0c2cd
In base 3, what is 11 - 11110012002001022?
-11110012002001011
In base 5, what is 1102032413 + -30?
1102032333
In base 9, what is 44024 - -1252?
45276
In base 16, what is fee + 13e?
112c
In base 4, what is 130 - 10010323?
-10010133
In base 12, what is 5 - -1044a63?
1044a68
In base 4, what is -1332131222020 - 11?
-1332131222031
In base 4, what is -100100112 + 2113?
-100031333
In base 9, what is -2752776 + -16?
-2752803
In base 9, what is 22 - 275137?
-275115
In base 8, what is -15755114 - 5?
-15755121
In base 3, what is 1002212012 + 20210?
1010002222
In base 2, what is -1100100010111100 + 1100101111001?
-1010111101000011
In base 7, what is -42 - -123064?
123022
In base 6, what is -252030 + 1003513?
311443
In base 3, what is 2011202210011 - 10?
2011202210001
In base 7, what is 4 + 1332563022?
1332563026
In base 11, what is 302794 + 231?
302a15
In base 16, what is -1152 - e52?
-1fa4
In base 14, what is -2 - -40188a9?
40188a7
In base 9, what is 52 - -151512?
151564
In base 8, what is -5404 + -751?
-6355
In base 11, what is -1959 - -320?
-1639
In base 7, what is -4 - -125533553?
125533546
In base 14, what is -33b - -181?
-19a
In base 10, what is -7 - 1449569?
-1449576
In base 16, what is -41bd - 65?
-4222
In base 14, what is -1d55 + -2098d?
-22904
In base 10, what is 33539 + -3721?
29818
In base 15, what is -115cd4 - -d?
-115cc6
In base 6, what is 1032554150 + 3?
1032554153
In base 4, what is -12 - -3121121133033?
3121121133021
In base 16, what is -9 - 1452da5?
-1452dae
In base 7, what is -44233620 + 15?
-44233602
In base 3, what is -1120220020 - -222?
-1120212021
In base 9, what is 20 - 877273?
-877253
In base 13, what is -240 - 1b8b1?
-1bb21
In base 16, what is -2 - -2d86b0?
2d86ae
In base 9, what is 45403 - 1843?
43450
In base 10, what is -151070032 + -5?
-151070037
In base 14, what is -13478c6 + -8?
-13478d0
In base 9, what is -82 + 8060667?
8060575
In base 6, what is 41352131 + 23?
41352154
In base 2, what is -1000 + -100010001101010001001101010?
-100010001101010001001110010
In base 15, what is -8d29 - 8c5?
-96ee
In base 10, what is -82 - 38298?
-38380
In base 5, what is -11 - 100230340?
-100230401
In base 14, what is d - 1322b57?
-1322b48
In base 8, what is 4 - -2223743?
2223747
In base 5, what is -1421203213 - -1?
-1421203212
In base 13, what is 19a4 + -108c8?
-bc24
In base 15, what is -6161a4 - -2?
-6161a2
In base 7, what is -521 - 22436644?
-22440465
In base 13, what is 9c883 - 3a?
9c846
In base 7, what is 2516224 + -33?
2516161
In base 12, what is -9 - -1099665?
1099658
In base 4, what is 123313100321 + 13?
123313101000
In base 5, what is -23312020 - 302?
-23312322
In base 6, what is -135 - 333251042?
-333251221
In base 4, what is -2331330 - 32300?
-3030230
In base 12, what is 13b040 - b?
13b031
In base 16, what is -1e5efe - -1?
-1e5efd
In base 13, what is 2c74 - -8a49?
b9c0
In base 2, what is 100010010110 - -110010011001111000?
110010111100001110
In base 2, what is 1110101010000000101111 - -1001001?
1110101010000001111000
In base 4, what is -120300 - 3010012?
-3130312
In base 14, what is -5b + -a0408?
-a0465
In base 10, what is -3 + 24966860?
24966857
In base 11, what is -11136 - 225a?
-13395
In base 4, what is -20 + 331222210010?
331222203330
In base 5, what is 342142311 + -10?
342142301
In base 7, what is -23 - -24633350?
24633324
In base 11, what is -752100 - 9?
-752109
In base 4, what is -3012 - -100023312?
100020300
In base 5, what is 1434 + -201044?
-144110
In base 9, what is 33 - 3478116?
-3478073
In base 12, what is a - bb480a?
-bb4800
In base 12, what is 246 + -11a390?
-11a146
In base 11, what is 10a60 + -17602?
-6652
In base 7, what is -1562 - 51015?
-52610
In base 8, what is 15 + 1042540?
1042555
In base 5, what is 130220 - -21113?
201333
In base 3, what is 1021121011202120 + 11?
1021121011202201
In base 7, what is 24 - -5663056?
5663113
In base 9, what is -62163304 - 3?
-62163307
In base 9, what is 3 - -55118523?
55118526
In base 8, what is 4244424 + 1633?
4246257
In base 5, what is -11023034 + -132?
-11023221
In base 4, what is 201 - -1311030303?
1311031110
In base 7, what is 6452335 + 24?
6452362
In base 9, what is 220 + 4064625?
4064845
In base 6, what is 204 + 1431421?
1432025
In base 5, what is 10003213244 + -13?
10003213231
In base 2, what is -10101 - 11110011101001001100?
-11110011101001100001
In base 3, what is 111110222 + 1021002?
112202001
In base 8, what is 10250365 + -460?
10247705
In base 10, what is -2424571 - 49?
-2424620
In base 5, what is -4301404442 + -42?
-4301410034
In base 13, what is -202 + -41c601?
-41c803
In base 6, what is 100 - -1500511442?
1500511542
In base 5, what is -10124 - 43003?
-103132
In base 2, what is -10000101101001110000 + 100000?
-10000101101001010000
In base 16, what is 8 + 758315?
75831d
In base 12, what is 4 + -5a20258a?
-5a202586
In base 16, what is -1 - 19cd36?
-19cd37
In base 13, what is -67 + -b82b1?
-b8348
In base 5, what is -424103331334 - -1?
-424103331333
In base 4, what is 2322232112 + -22?
2322232030
In base 2, what is -1101110000010110101 + 1001010?
-1101110000001101011
In base 5, what is -20402243133 + -1?
-20402243134
In base 5, what is -113331433134 + 1?
-113331433133
In base 13, what is -5 - -16a5a?
16a55
In base 13, what is 14c28902 - -2?
14c28904
In base 8, what is 36372741 - 63?
36372656
In base 5, what is -44201014 - -3402?
-44142112
In base 12, what is -636 + -8a7?
-1321
In base 8, what is -7423 + -15773?
-25416
In base 5, what is 14142 - 3322240?
-3303043
In base 9, what is 1015 - -186588?
187614
In base 15, what is 4 - -246163?
246167
In base 7, what is 5052134 - -243?
5052410
In base 5, what is 1042140200 - 12?
1042140133
In base 3, what is -22100001100021010 - 12?
-22100001100021022
In base 3, what is -10112111 - 11010102?
-21122220
In base 13, what is -a + c06099?
c0608c
In base 16, what is 8 - -bde0c?
bde14
In base 16, what is -a4451 - -7?
-a444a
In base 9, what is 2136 - -27468?
30615
In base 2, what is 1011 - -11100000100110010101010?
11100000100110010110101
In base 10, what is -22 + -24579376?
-24579398
In base 15, what is 57c7 - -318?
5ae0
In base 13, what is 31354 - 2bb?
31066
In base 16, what is 3f + -1c50f?
-1c4d0
In base 6, what is 23044 - -114322?
141410
In base 3, what is -121010 - 200020201?
-200211211
In base 2, what is 101 - 100000100101011111001010110?
-100000100101011111001010001
In base 4, what is 3133 + -21221133300?
-21221130101
In base 2, what is 11 - 1001010010011010010000?
-1001010010011010001101
In base 10, what is -3956660 + 29?
-3956631
In base 3, what is -102101020 + 1002200?
-101021120
In base 16, what is 1 + -1317b43?
-1317b42
In base 14, what is -2c573 - 4?
-2c577
In base 7, what is -41523 + 12545?
-25645
In base 10,